t is the thousands digit of 2432?
2
What is the thousands digit of 74547?
4
What is the hundreds digit of 187?
1
What is the units digit of 2051?
1
What is the thousands digit of 11690?
1
What is the hundreds digit of 11653?
6
What is the hundreds digit of 3948?
9
What is the units digit of 1888?
8
What is the hundreds digit of 12910?
9
What is the thousands digit of 72054?
2
What is the units digit of 7931?
1
What is the units digit of 526?
6
What is the units digit of 10132?
2
What is the tens digit of 733?
3
What is the thousands digit of 2417?
2
What is the units digit of 2422?
2
What is the ten thousands digit of 12336?
1
What is the tens digit of 2598?
9
What is the tens digit of 106741?
4
What is the units digit of 6265?
5
What is the units digit of 116689?
9
What is the hundreds digit of 736?
7
What is the units digit of 25485?
5
What is the units digit of 139?
9
What is the thousands digit of 1242?
1
What is the hundreds digit of 46293?
2
What is the hundreds digit of 1919?
9
What is the thousands digit of 3258?
3
What is the ten thousands digit of 14242?
1
What is the units digit of 1647?
7
What is the units digit of 31259?
9
What is the tens digit of 1114?
1
What is the hundreds digit of 266?
2
What is the hundreds digit of 108837?
8
What is the tens digit of 6190?
9
What is the hundred thousands digit of 127043?
1
What is the units digit of 106233?
3
What is the tens digit of 178?
7
What is the hundreds digit of 188?
1
What is the units digit of 414?
4
What is the hundreds digit of 185?
1
What is the hundreds digit of 3540?
5
What is the hundreds digit of 1257?
2
What is the thousands digit of 5782?
5
What is the ten thousands digit of 89179?
8
What is the tens digit of 102437?
3
What is the thousands digit of 3697?
3
What is the tens digit of 1972?
7
What is the hundreds digit of 15188?
1
What is the hundreds digit of 3135?
1
What is the hundreds digit of 293?
2
What is the hundreds digit of 4348?
3
What is the hundreds digit of 6815?
8
What is the ten thousands digit of 28366?
2
What is the hundreds digit of 1377?
3
What is the tens digit of 36281?
8
What is the ten thousands digit of 55663?
5
What is the thousands digit of 121889?
1
What is the units digit of 8532?
2
What is the thousands digit of 4373?
4
What is the hundreds digit of 4436?
4
What is the hundred thousands digit of 201904?
2
What is the tens digit of 188903?
0
What is the tens digit of 3342?
4
What is the ten thousands digit of 42726?
4
What is the units digit of 12879?
9
What is the tens digit of 327?
2
What is the thousands digit of 39907?
9
What is the thousands digit of 81879?
1
What is the thousands digit of 7202?
7
What is the hundreds digit of 20760?
7
What is the hundreds digit of 116?
1
What is the thousands digit of 1880?
1
What is the thousands digit of 3301?
3
What is the units digit of 17802?
2
What is the ten thousands digit of 79461?
7
What is the ten thousands digit of 11417?
1
What is the units digit of 3557?
7
What is the thousands digit of 1052?
1
What is the tens digit of 15399?
9
What is the tens digit of 1544?
4
What is the tens digit of 13067?
6
What is the tens digit of 12294?
9
What is the tens digit of 430?
3
What is the thousands digit of 1034?
1
What is the units digit of 34551?
1
What is the hundreds digit of 15095?
0
What is the hundreds digit of 1398?
3
What is the ten thousands digit of 11381?
1
What is the tens digit of 1558?
5
What is the thousands digit of 6573?
6
What is the units digit of 405?
5
What is the ten thousands digit of 54064?
5
What is the tens digit of 6519?
1
What is the ten thousands digit of 30045?
3
What is the units digit of 2753?
3
What is the hundreds digit of 431?
4
What is the tens digit of 9727?
2
What is the units digit of 641?
1
What is the tens digit of 2252?
5
What is the ten thousands digit of 50471?
5
What is the units digit of 36312?
2
What is the tens digit of 1971?
7
What is the units digit of 36148?
8
What is the thousands digit of 1512?
1
What is the units digit of 10304?
4
What is the tens digit of 915?
1
What is the tens digit of 1088?
8
What is the thousands digit of 174763?
4
What is the tens digit of 11587?
8
What is the tens digit of 59?
5
What is the units digit of 15969?
9
What is the units digit of 17?
7
What is the units digit of 1138?
8
What is the thousands digit of 2917?
2
What is the hundred thousands digit of 105110?
1
What is the hundreds digit of 567?
5
What is the thousands digit of 3747?
3
What is the thousands digit of 1315?
1
What is the tens digit of 22436?
3
What is the hundreds digit of 4421?
4
What is the hundreds digit of 7087?
0
What is the hundreds digit of 1274?
2
What is the thousands digit of 1263?
1
What is the hundreds digit of 817?
8
What is the ten thousands digit of 19775?
1
What is the units digit of 398?
8
What is the units digit of 311?
1
What is the tens digit of 2950?
5
What is the tens digit of 203?
0
What is the units digit of 6626?
6
What is the tens digit of 12?
1
What is the hundreds digit of 10526?
5
What is the tens digit of 328?
2
What is the hundreds digit of 10172?
1
What is the tens digit of 862?
6
What is the units digit of 4259?
9
What is the hundreds digit of 2887?
8
What is the units digit of 1203?
3
What is the tens digit of 35943?
4
What is the thousands digit of 8277?
8
What is the units digit of 13899?
9
What is the units digit of 39314?
4
What is the thousands digit of 8153?
8
What is the hundreds digit of 3020?
0
What is the units digit of 71236?
6
What is the hundreds digit of 2760?
7
What is the units digit of 14281?
1
What is the tens digit of 285?
8
What is the units digit of 50?
0
What is the units digit of 4162?
2
What is the units digit of 21699?
9
What is the ten thousands digit of 71049?
7
What is the thousands digit of 18558?
8
What is the ten thousands digit of 44813?
4
What is the hundreds digit of 5995?
9
What is the units digit of 351?
1
What is the hundreds digit of 820?
8
What is the units digit of 1057?
7
What is the hundreds digit of 853?
8
What is the hundreds digit of 2927?
9
What is the thousands digit of 1381?
1
What is the thousands digit of 25128?
5
What is the hundreds digit of 689?
6
What is the tens digit of 24485?
8
What is the thousands digit of 10147?
0
What is the tens digit of 2611?
1
What is the hundreds digit of 10219?
2
What is the thousands digit of 1099?
1
What is the thousands digit of 3916?
3
What is the ten thousands digit of 22306?
2
What is the hundreds digit of 10260?
2
What is the units digit of 180947?
7
What is the units digit of 164?
4
What is the tens digit of 2897?
9
What is the units digit of 374?
4
What is the tens digit of 35?
3
What is the units digit of 6920?
0
What is the units digit of 13265?
5
What is the thousands digit of 170830?
0
What is the tens digit of 458?
5
What is the hundreds digit of 1840?
8
What is the tens digit of 11?
1
What is the tens digit of 1599?
9
What is the tens digit of 43?
4
What is the thousands digit of 11831?
1
What is the units digit of 1634?
4
What is the units digit of 104307?
7
What is the hundreds digit of 479?
4
What is the units digit of 103792?
2
What is the hundreds digit of 678?
6
What is the tens digit of 8721?
2
What is the hundred thousands digit of 133576?
1
What is the thousands digit of 2522?
2
What is the thousands digit of 7321?
7
What is the units digit of 11936?
6
What is the hundreds digit of 10142?
1
What is the units digit of 1156?
6
What is the thousands digit of 11980?
1
What is the tens digit of 25125?
2
What is the ten thousands digit of 13305?
1
What is the hundreds digit of 5216?
2
What is the hundreds digit of 870?
8
What is the thousands digit of 1382?
1
What is the units digit of 2265?
5
What is the units digit of 61382?
2
What is the units digit of 7501?
1
What is the hundreds digit of 83126?
1
What is the units digit of 8308?
8
What is the tens digit of 84017?
1
What is the hundreds digit of 576?
5
What is the thousands digit of 5234?
5
What is the tens digit of 1962?
6
What is the tens digit of 57458?
5
What is the hundreds digit of 1982?
9
What is the tens digit of 51346?
4
What is the thousands digit of 5294?
5
What is the units digit of 1902?
2
What is the thousands digit of 19864?
9
What is the thousands di